housands digit of 948773445?
3
What is the thousands digit of 490337256?
7
What is the ten millions digit of 282281550?
8
What is the thousands digit of 260689019?
9
What is the hundreds digit of 139129023?
0
What is the thousands digit of 2246791266?
1
What is the units digit of 652947359?
9
What is the thousands digit of 1209479529?
9
What is the units digit of 41767717?
7
What is the units digit of 35526055?
5
What is the tens digit of 19549454?
5
What is the hundreds digit of 783020054?
0
What is the hundreds digit of 2960297015?
0
What is the hundred thousands digit of 51993922?
9
What is the ten thousands digit of 107191964?
9
What is the hundreds digit of 624609604?
6
What is the thousands digit of 183920974?
0
What is the units digit of 47449957?
7
What is the ten millions digit of 493904589?
9
What is the ten millions digit of 298176093?
9
What is the hundred thousands digit of 1194947121?
9
What is the ten thousands digit of 65831672?
3
What is the ten millions digit of 40411728?
4
What is the millions digit of 176768407?
6
What is the hundred thousands digit of 2700869278?
8
What is the tens digit of 732905870?
7
What is the hundreds digit of 1253304?
3
What is the hundreds digit of 173243517?
5
What is the thousands digit of 4282311824?
1
What is the hundred thousands digit of 17460208?
4
What is the hundred thousands digit of 2928556651?
5
What is the tens digit of 145339260?
6
What is the ten millions digit of 2345375852?
4
What is the hundreds digit of 407591506?
5
What is the ten thousands digit of 10791277?
9
What is the millions digit of 1591678764?
1
What is the thousands digit of 25004100?
4
What is the millions digit of 98128414?
8
What is the ten thousands digit of 2586658941?
5
What is the hundred thousands digit of 134875979?
8
What is the ten millions digit of 3534411857?
3
What is the tens digit of 693179373?
7
What is the units digit of 309972468?
8
What is the ten millions digit of 528571398?
2
What is the thousands digit of 58082928?
2
What is the units digit of 41469096?
6
What is the hundred millions digit of 593877200?
5
What is the hundred thousands digit of 153822459?
8
What is the units digit of 356694840?
0
What is the ten thousands digit of 230058398?
5
What is the thousands digit of 115968597?
8
What is the millions digit of 112704191?
2
What is the hundreds digit of 1771842910?
9
What is the ten millions digit of 6654724734?
5
What is the hundreds digit of 328176916?
9
What is the hundred millions digit of 1482771758?
4
What is the hundred thousands digit of 628309349?
3
What is the hundreds digit of 111124148?
1
What is the thousands digit of 313226843?
6
What is the millions digit of 101435922?
1
What is the ten thousands digit of 19019788?
1
What is the hundreds digit of 182239069?
0
What is the hundred millions digit of 102699919?
1
What is the hundred thousands digit of 11027698?
0
What is the hundreds digit of 60448359?
3
What is the units digit of 933202600?
0
What is the ten millions digit of 2160189457?
6
What is the ten millions digit of 38262973?
3
What is the ten thousands digit of 1111533?
1
What is the millions digit of 948248441?
8
What is the tens digit of 1325958123?
2
What is the hundreds digit of 12190833?
8
What is the ten millions digit of 82099128?
8
What is the ten thousands digit of 4236151316?
5
What is the millions digit of 325680070?
5
What is the tens digit of 28665497?
9
What is the tens digit of 386847777?
7
What is the ten millions digit of 233145254?
3
What is the millions digit of 22583272?
2
What is the millions digit of 25364820?
5
What is the ten thousands digit of 49690203?
9
What is the units digit of 633891692?
2
What is the ten thousands digit of 192450243?
5
What is the ten millions digit of 122682273?
2
What is the units digit of 950110581?
1
What is the tens digit of 4922049?
4
What is the millions digit of 82423530?
2
What is the hundred thousands digit of 294697949?
6
What is the units digit of 2459625108?
8
What is the thousands digit of 482768471?
8
What is the units digit of 32608514?
4
What is the ten millions digit of 1288567485?
8
What is the ten thousands digit of 33086314?
8
What is the ten thousands digit of 467814410?
1
What is the thousands digit of 70411284?
1
What is the hundreds digit of 258475279?
2
What is the hundred thousands digit of 2048935045?
9
What is the hundreds digit of 24250407?
4
What is the thousands digit of 40466648?
6
What is the hundreds digit of 12080856?
8
What is the hundred millions digit of 1102561676?
1
What is the hundred thousands digit of 324592196?
5
What is the thousands digit of 243770408?
0
What is the ten thousands digit of 103246724?
4
What is the ten thousands digit of 522461189?
6
What is the billions digit of 3503601397?
3
What is the tens digit of 28161762?
6
What is the hundred thousands digit of 14225160?
2
What is the hundred thousands digit of 42909935?
9
What is the hundred thousands digit of 2360706004?
7
What is the hundred millions digit of 390690449?
3
What is the ten thousands digit of 34367880?
6
What is the units digit of 5434026203?
3
What is the ten millions digit of 85583923?
8
What is the hundred thousands digit of 67210469?
2
What is the hundreds digit of 2649131408?
4
What is the units digit of 60850585?
5
What is the thousands digit of 1223519103?
9
What is the units digit of 307341484?
4
What is the hundred thousands digit of 152977155?
9
What is the tens digit of 9258924?
2
What is the thousands digit of 682762746?
2
What is the millions digit of 56721103?
6
What is the millions digit of 771177814?
1
What is the units digit of 10311739?
9
What is the ten millions digit of 35834726?
3
What is the units digit of 9033846018?
8
What is the thousands digit of 844938708?
8
What is the hundreds digit of 333586479?
4
What is the hundred thousands digit of 2145548889?
5
What is the ten thousands digit of 103620383?
2
What is the millions digit of 37558836?
7
What is the hundred millions digit of 1388364469?
3
What is the millions digit of 361124487?
1
What is the ten thousands digit of 274486160?
8
What is the millions digit of 505477167?
5
What is the thousands digit of 2633640?
3
What is the billions digit of 1332598652?
1
What is the ten millions digit of 4041228503?
4
What is the ten millions digit of 56573100?
5
What is the ten millions digit of 27817150?
2
What is the tens digit of 135522112?
1
What is the ten thousands digit of 203345957?
4
What is the billions digit of 2069742866?
2
What is the hundreds digit of 1971680576?
5
What is the hundreds digit of 107574954?
9
What is the ten millions digit of 34761165?
3
What is the ten thousands digit of 757676464?
7
What is the ten thousands digit of 1999846674?
4
What is the hundreds digit of 374209416?
4
What is the tens digit of 17817661?
6
What is the tens digit of 110622331?
3
What is the units digit of 43312670?
0
What is the thousands digit of 1979849668?
9
What is the hundred thousands digit of 1584564496?
5
What is the ten thousands digit of 1320331340?
3
What is the hundred thousands digit of 137994533?
9
What is the millions digit of 372903174?
2
What is the hundred thousands digit of 75706150?
7
What is the hundred thousands digit of 137891740?
8
What is the hundred thousands digit of 318834510?
8
What is the millions digit of 2934898066?
4
What is the hundred millions digit of 1197490790?
1
What is the hundreds digit of 177488374?
3
What is the hundreds digit of 168479056?
0
What is the hundred millions digit of 124539152?
1
What is the hundreds digit of 40927604?
6
What is the hundred thousands digit of 52165898?
1
What is the tens digit of 856304797?
9
What is the tens digit of 6748047233?
3
What is the hundreds digit of 44784554?
5
What is the millions digit of 23161380?
3
What is the millions digit of 27993390?
7
What is the units digit of 1352526483?
3
What is the millions digit of 21591392?
1
What is the tens digit of 218197024?
2
What is the tens digit of 1819794518?
1
What is the ten thousands digit of 49154395?
5
What is the millions digit of 994635851?
4
What is the units digit of 214664813?
3
What is the thousands digit of 3331012695?
2
What is the units digit of 3501013780?
0
What is the units digit of 108810434?
4
W